
-3c1528
In base 8, what is -46414 + -4?
-46420
In base 6, what is 22123 + -501?
21222
In base 11, what is -5 - -7845?
7840
In base 12, what is 3b - 17ab?
-1770
In base 8, what is -605512 - 0?
-605512
In base 13, what is -8 + -325b1?
-325b9
In base 2, what is 0 + -1101101111100?
-1101101111100
In base 14, what is a62 - 448?
618
In base 10, what is 173 - 433?
-260
In base 16, what is 6 + 4?
a
In base 10, what is -5493 + -162?
-5655
In base 16, what is -4 - 362?
-366
In base 2, what is -100 + -1000100110100011?
-1000100110100111
In base 14, what is -11 - 4015?
-4026
In base 9, what is -43 - -32671?
32627
In base 9, what is 28211 + 12?
28223
In base 14, what is 1ba4 - -10?
1bb4
In base 10, what is -34 - 1132?
-1166
In base 16, what is 158 + -121?
37
In base 4, what is -2 - -223030001?
223023333
In base 2, what is 11001001 + -11101000101010?
-11100101100001
In base 4, what is -202300010101 - 11?
-202300010112
In base 6, what is -13422 + 1035?
-12343
In base 10, what is -4 - -143279?
143275
In base 2, what is 110000011111 - 101?
110000011010
In base 8, what is 1 - -1650?
1651
In base 16, what is -1 - b4ab?
-b4ac
In base 2, what is 101001110101011100111 - 101?
101001110101011100010
In base 5, what is -1134043243 + 1?
-1134043242
In base 16, what is -c9c2 + 1f?
-c9a3
In base 5, what is 111010 + -222?
110233
In base 16, what is 40 - -12d?
16d
In base 2, what is 11100011100 - 1011?
11100010001
In base 13, what is -35 + -b3c?
-b74
In base 7, what is -5 + 6403545?
6403540
In base 7, what is -240631 - 2?
-240633
In base 11, what is -4 + 7476?
7472
In base 4, what is -2 + -1230202?
-1230210
In base 8, what is -625 - -1445?
620
In base 8, what is -102003 + -153?
-102156
In base 13, what is 6b - 85?
-17
In base 10, what is -93 - 221?
-314
In base 13, what is 23a - 221?
19
In base 2, what is -11 - 10100011011101?
-10100011100000
In base 14, what is -224 - 3d?
-263
In base 9, what is 0 - 1345?
-1345
In base 7, what is 32 + 236503?
236535
In base 16, what is -4c + -404?
-450
In base 4, what is 30 - 1033020?
-1032330
In base 4, what is -311013 + 22?
-310331
In base 4, what is -22101230 + -11?
-22101301
In base 4, what is 3332330132 + 3?
3332330201
In base 14, what is -7675 + -17?
-768c
In base 7, what is -601 + -21544?
-22445
In base 3, what is 11011122 - -11102?
11100001
In base 7, what is 24 + 251?
305
In base 10, what is 0 - 182025?
-182025
In base 7, what is 2305011 - 0?
2305011
In base 13, what is 2b75a - 5?
2b755
In base 15, what is -2 + 2d5a5?
2d5a3
In base 13, what is -c66 - -b7?
-b7c
In base 12, what is 593a + -18?
5922
In base 5, what is 320042122 - 1?
320042121
In base 12, what is 0 + -12985a?
-12985a
In base 14, what is -403c2 + -2?
-403c4
In base 11, what is -25657 - 0?
-25657
In base 5, what is 324 + 24132?
30011
In base 11, what is -9996 + -1?
-9997
In base 5, what is 1112012 + -3?
1112004
In base 7, what is 63053 - -20?
63103
In base 3, what is -11002220121 + -12?
-11002220210
In base 8, what is -32072 - -33?
-32037
In base 12, what is -3 + -b1587?
-b158a
In base 15, what is -32 + 33?
1
In base 3, what is -101210 - -12020201?
11211221
In base 7, what is -5 + -21165?
-21203
In base 8, what is -35577105 - 1?
-35577106
In base 14, what is 2cd35d + 3?
2cd362
In base 7, what is -2610636 + -4?
-2610643
In base 16, what is f5ca - -11?
f5db
In base 2, what is 1010 - -11001000001?
11001001011
In base 10, what is -1 + -7526?
-7527
In base 10, what is -8 + -16?
-24
In base 8, what is 1366 + 2435?
4023
In base 15, what is 386d + -4?
3869
In base 15, what is 7 + -2413d?
-24136
In base 3, what is 100000 - 22111120?
-22011120
In base 7, what is -431 - -3331?
2600
In base 3, what is 11 - 20000122?
-20000111
In base 7, what is -3431 - 365?
-4126
In base 7, what is -203023 + 0?
-203023
In base 6, what is -34152 - 1133?
-35325
In base 14, what is 1a5 + 1ad?
374
In base 3, what is 10021122 - 22?
10021100
In base 12, what is a585 + 46?
a60b
In base 8, what is 0 - -77553?
77553
In base 9, what is 2160846 + 4?
2160851
In base 5, what is -1 - 11302031?
-11302032
In base 5, what is -110 + -2412332?
-2412442
In base 3, what is 22020011202 + 12?
22020011221
In base 16, what is -4 + -3f56?
-3f5a
In base 10, what is -5 + -33713?
-33718
In base 4, what is 2 + -1032102113?
-1032102111
In base 12, what is 50 + 2000?
2050
In base 12, what is -787 - -176?
-611
In base 7, what is -101211 + 3?
-101205
In base 4, what is 1320 + 330212?
332132
In base 10, what is 5 - -682023?
682028
In base 9, what is 8310 - -111?
8421
In base 3, what is -121121 + 1021?
-120100
In base 2, what is 1100000 - 1001000110111011?
-1001000101011011
In base 14, what is 64 + 704?
768
In base 4, what is -13023 + -31?
-13120
In base 13, what is 187 - ca6?
-b1c
In base 10, what is -2 + 4684?
4682
In base 14, what is 1806 + c?
1814
In base 5, what is 34 - 1301430?
-1301341
In base 5, what is 1 + 242303?
242304
In base 12, what is -11 + 162?
151
In base 6, what is 1035442 + 0?
1035442
In base 9, what is -23 + -18261?
-18284
In base 3, what is -21201011 - -2?
-21201002
In base 13, what is b - 5c719?
-5c70b
In base 4, what is -3 - -32302213?
32302210
In base 7, what is -4262 + -15?
-4310
In base 11, what is 42 - a62?
-a20
In base 11, what is 1 + -a1482?
-a1481
In base 2, what is -10000010010100101111000 + 101?
-10000010010100101110011
In base 2, what is -10111011111 + -11100101010?
-110100001001
In base 3, what is -12 + 21120002?
21112220
In base 9, what is -275137 + -4?
-275142
In base 10, what is 18 + -167?
-149
In base 4, what is -22 + -1111111?
-1111133
In base 4, what is -10013210 - 2?
-10013212
In base 15, what is 2 - e4772?
-e4770
In base 2, what is -1 + -10011001001001?
-10011001001010
In base 4, what is 120001 + 122?
120123
In base 7, what is 1 - -660010?
660011
In base 7, what is 15530 + -20?
15510
In base 5, what is 14 - -144213?
144232
In base 8, what is 26161 + -51?
26110
In base 12, what is 2104 + -2b?
2095
In base 12, what is 1321a9 - -1?
1321aa
In base 3, what is -102 + -101000?
-101102
In base 4, what is 10 - 1010212?
-1010202
In base 10, what is 2 - -31154?
31156
In base 11, what is 4 + 18?
21
In base 15, what is a85 - 7?
a7d
In base 14, what is 19a6 + -74?
1932
In base 3, what is 10212012011 - 122?
10212011112
In base 16, what is -1 + 102e8?
102e7
In base 6, what is 2055534 - -54?
2100032
In base 14, what is -5 - -44172?
4416b
In base 12, what is 27410 + 4?
27414
In base 4, what is 1023230 - -212?
1030102
In base 5, what is -3 - -341031?
341023
In base 16, what is 31846 - 8?
3183e
In base 9, what is -185 + -5005?
-5201
In base 9, what is -12 + -2806?
-2818
In base 6, what is -105 + -104530?
-105035
In base 3, what is -11020 + 122000?
110210
In base 16, what is -2 + -95c12?
-95c14
In base 4, what is 1 - -1112032232?
1112032233
In base 3, what is 12 - 2202120202?
-2202120120
In base 12, what is 4 + -949ba?
-949b6
In base 9, what is 4275204 - -4?
4275208
In base 13, what is 12b43 - 3?
12b40
In base 8, what is -45 - -1231?
1164
In base 16, what is -7ad7c + -5?
-7ad81
In base 9, what is -124448 + 4?
-124444
In base 12, what is 1bb + -2b?
190
In base 13, what is -67285 - -17?
-6726b
In base 3, what is -121012 + -1102101?
-2000120
In base 9, what is -60 - -1010?
840
In base 8, what is -5 + -36740?
-36745
In base 2, what is 110110111 - -110100?
111101011
In base 4, what is -33 - 330?
-1023
In base 11, what is 326 + 3a?
365
In base 2, what is 111111000101000 - -11?
111111000101011
In base 8, what is -221 - 212070?
-212311
In base 5, what is 24 + -120403?
-120324
In base 2, what is 11 + 1000011101011011?
1000011101011110
In base 5, what is 23 - -131?
204
In base 10, what is 431 - 123?
308
In base 14, what is 15cb + -6?
15c5
In base 3, what is -200 + -1202100?
-1210000
In base 14, what is -6 + 9079?
9073
In base 13, what is 5 + -184ca?
-184c5
In base 13, what is 5352 - -1?
5353
In base 4, what is 32310 + -132?
32112
In base 15, what is 5 - 1008?
-1003
In base 8, what is -110151 - 4?
-110155
In base 13, what is -3 - -1376a?
13767
In base 4, what is -3233210 + 23?
-3233121
In base 13, what is 0 + -b444?
-b444
In base 4, what is -1113021 - -10?
-1113011
In base 13, what is a - -19863?
19870
In base 14, what is -6d372 + -5?
-6d377
In base 7, what is -3556 - 11?
-3600
In base 7, what is -2526 - 51?
-2610
In 